8 + -63 + 82 - -31?
42
What is -2 + -75 + (37 - (21 + 27)) + -3?
-91
Calculate 21 + 1 - (15 + (104 - 62) - 9).
-26
Calculate 1782 + -1779 + (-44 - 0).
-41
What is 0 + 9 - (2886 + -2866)?
-11
67 + (20 + -22 - 16) + -9
40
-37 + -5 - (-131 + 108) - -80
61
What is the value of (-6 - 28) + 8 - -68?
42
What is -1 + -2 + 5 + -4 + (-2 - -11) + -5?
2
(18 - 10) + -4 + -27 - -11
-12
What is the value of 46 + (21 - (107 - -44))?
-84
Evaluate 370 - 346 - (-1 - -47) - -30 - (128 - 0).
-120
Calculate -17 + 9 + (126 - -12) + -1 + -19.
110
Evaluate -34 + 147 + -57 + 1 + -20 - -2.
39
Evaluate -40 + -27 + (-15 - (24 - 34)).
-72
Evaluate (-1 - -34) + (20 - (-23 - -47)).
29
-18 - -13 - 56 - (8 + -2 - (-4 - 0))
-71
-73 - -211 - (79 - 27)
86
-40 + (0 - (-4 - -2)) + -118 + 111 + -7
-52
Calculate -11 + -1 + (-90 - 1 - (-49 - -74)).
-128
What is the value of -75 - -59 - (-5 + 2 - -3)?
-16
What is -18 - (-32 + (32 - 0)) - (-8 + 1)?
-11
-25 + -9 + 16 - (-42 - -26 - -111)
-113
Calculate -4 + (-32 - -134 - (7 - -2)) - -13 - 12.
90
What is -21 - (-18 + 22 - 15 - 14)?
4
What is the value of -27 + (-15 - -38 - -5) + -25?
-24
Calculate -20499 - -20527 - ((1 - 0) + 12).
15
Evaluate -15 - (-14 - 29 - -11) - 49.
-32
What is -14 + 20 + 14 + (-55 - 22)?
-57
What is the value of 14 + (-1 - -1) - (-57 - (-30 - 38))?
3
What is the value of 0 + -36 + (-58 + 38 - (-12 - -5))?
-49
Evaluate 381 + -339 + 2 + -1.
43
72 + (-6 - 57) + -60
-51
(1 - -7 - -1 - (-1 - -3)) + -2931 + 2943
19
What is the value of 23 + -55 + 10 + 28 - -77?
83
-100 - -132 - (11 - -41)
-20
Calculate (-37 - -36) + -8 + 34 + 0 + 4 - -13.
42
What is (-10 - -12 - 87) + (-27 + 16 - -25)?
-71
What is (21 - -1) + -19 + 6 + (-22 - -11) + 21?
19
Evaluate 35 - (-10 + 4) - -17 - 12.
46
-6 - (37 + -37) - -27
21
(0 + -11 + 17 + -13 - -10) + -46 + -7
-50
Evaluate 54 + (-8 - ((0 + -2 + -11 - 11) + 3)).
67
What is the value of -457 - -528 - (54 - -18)?
-1
What is (1110 - 1137) + 2 + 22 - (95 + (-2 - -1))?
-97
What is 35 - (-155 - -200) - (2 + (1 - 1) + 9)?
-21
(-50 - -36) + (-26 - -7) + 11
-22
Evaluate -5 + 4 + (-8 - (8 + -16)) + -3 + 8.
4
Calculate 36 - 1 - (2932 - 2871).
-26
Evaluate 1 + -11 + ((17 - -42) + -18 - -7).
38
-11 - ((47 - 43) + -19)
4
14 + (-3 - 1) + 14 + 10 + -4
30
What is the value of 66 + -5 - 132 - (-13 + -2 + (4 - 1))?
-59
What is 90 + (35 - (32 + 26 + -6))?
73
Calculate 116 + -37 + 24 + -51.
52
Calculate 2 - (35 + 30 - 124).
61
What is the value of 52 + -89 + (10 + -6 - (-15 + 4))?
-22
Calculate -11 - (87 + -42 + 13).
-69
What is the value of 2 + (-89 - ((5 - (4 - 12)) + (4 - 12)))?
-92
-128 + 108 - (6 + -30) - (0 + -19)
23
27 + -3 + (35 - (-51 - -93))
17
What is the value of 0 + 4 + (-6 - (-1 + 5))?
-6
Calculate 17 - (11 - -5 - -18 - -19).
-36
Evaluate -167 - (-83 - -16) - ((1 - 2) + 5 + 0).
-104
-2 + -7 + -72 + 58 - -16
-7
Calculate -1 + -13 - (-1753 + 1735) - (-1 - 0 - 72).
77
What is -5 - -10 - 2 - (6 + 52 + -75)?
20
What is the value of -11 + -19 + (20 - 7) - (57 - 2)?
-72
What is the value of 34 + -1 + 8 + -6?
35
Calculate (-23 - -42) + -21 - (19 - 82).
61
What is -17 - (19 - -11) - -27?
-20
What is the value of (-1 - 8 - (-35 - (-93 - -24))) + -3?
-46
Evaluate (77 - 81) + -5 + 83 + -11.
63
Evaluate -31 + (-26 - 4 - -15) - 10.
-56
19 - -76 - (-21 + 14 - -27)
75
What is 109 - (0 + 15 + -2 + (58 - (61 - -9)))?
108
What is -24 + 0 + 10 - (-16 + 7)?
-5
What is the value of (105 - 218 - -128) + 17 + 1?
33
Calculate -482 + 561 - (-3 + -7 + 1).
88
What is the value of 9 - (33 + (-16 - 40) - (2 - -1))?
35
What is the value of 22 + (21 - 40) + -46 - (-9 + 1)?
-35
-97 - (66 - (-10 - -128))
-45
Evaluate 17 + -34 + -31 + 0 + 3 + (7 - 9).
-47
Evaluate (4 - 55) + 35 + (-1 - 18).
-35
What is (2 - -20) + -1 + 69 + -79?
11
(-18 - 19) + -7 + 36 + 71 + -2
61
What is the value of 1 - -52 - (67 + (35 - 124))?
75
Evaluate 25 + (-227 - -29 - -88).
-85
Evaluate -155 + 83 + -32 - -102.
-2
Calculate (-4 - -6) + -2 + 3 + 1 + (-2139 - -2143).
8
Calculate 152 + -128 + -48 + -7.
-31
What is (11 - (24 + 18) - -22) + -1 + (-97 - 0)?
-107
(-1 - 14) + (-83 - -4) + (29 - -12)
-53
What is the value of -13 + -6 + 20 + (22 - 29)?
-6
Calculate (-16 + 25 - ((2 - 7) + 126 + -74)) + -9.
-47
What is -28 - (-32 + -40 + 30)?
14
Calculate -62 - (-49 - 18) - (-2 + 22) - (-1 - 4).
-10
Calculate (1 + (1 - 1) - 3) + -119 + 211 + -47.
43
Calculate 15 + -15 + 2 + -13 + 66.
55
37 - (7 + 1 + (3 - -13 - 8))
21
Calculate 50 - (-18 - 29 - -73).
24
What is 2811 - 2819 - (1 + -43)?
34
Evaluate -1 - ((-3 - (-7 - (23 - 18))) + 3).
-13
What is -4 - -6 - ((69 - -30) + -191)?
94
Evaluate -84 + (26 - (-40 + 32)).
-50
Evaluate 104 + -47 - 24 - 49.
-16
-2 - (50 - (-34 + 40 - 2))
-48
Evaluate (50 - (28 + -5) - 25) + 0 + 0 + 44.
46
Evaluate (48 - -40) + 15 + -57.
46
Calculate -10 - (36 - -55) - -59.
-42
-11 + (29 - (-10 - -49))
-21
What is (-2 - 5) + 36 + -14 + -13 - (-1 - 95)?
98
Calculate -21 + (-2 - ((-8 - 4) + 0)) + -11.
-22
Calculate 125 + (-37 - (52 - 23)).
59
Calculate (178 - 166) + (-17 - -5 - -1) + (-96 - 2).
-97
Evaluate ((-36 - -23) + 6 - -51) + -2 + -1.
41
(1828 - 1846 - (13 - 1)) + 87
57
What is the value of 36 - (-7 + 1 + (40 - 23 - 21) - -12)?
34
What is the value of (4 - 10) + 35 + (-28 + -18 + 31 - -10)?
24
Evaluate (38 - 45 - -29) + (12 - 5).
29
16 - -179 - 165 - (-62 - 0)
92
-735 + 704 + (42 - -3)
14
What is the value of (-2 - (-4 + 10)) + 42 - (11 + 1)?
22
Calculate -57 + -10 + 66 - (-1 - -78 - (11 - 9)).
-76
(-148 - -98) + 30 - (-1 + -86)
67
What is the value of 3 - 8 - (-45 + 29 + -80 + -22)?
113
Evaluate 11 + (-27 - -15) + 7 + (0 + -6 - -5).
5
What is the value of -70 + -2 + (-93 - -61) + 43?
-61
What is the value of 34 + -179 + -6 + 31 - -31?
-89
What is the value of -6 + 17 + -6 - 69 - (244 - 252)?
-56
-32 + (11 - 31) + 36 - -1
-15
What is the value of -110 - (-159 + 122 + 30)?
-103
Calculate -27 - (36 + -8 + -14).
-41
Calculate 27 - (27 - -5) - 49.
-54
Evaluate -40 - (24 + -43 + -45).
24
Evaluate -126 + (24 - (4 + 7)) + (0 - -17 - 26).
-122
Calculate (-1 + -38 - (221 - 232)) + -9.
-37
Calculate -256 - (-28 + -96) - -105.
-27
Evaluate 20 - (15 - ((8 - 6 - -11) + 1)).
19
Evaluate 7 - 31 - ((-26 - 7) + 28).
-19
Evaluate -12 + (-216 - -233) + -25 + -1 + -60.
-81
What is (11 - 110) + 39 + 44?
-16
What is the value of 62 + 34 + (-96 - -12)?
12
What is (-1 + 9 - (-1212 - -1228)) + -1 + 19?
10
Evaluate 15 - (-2 - (-13 - (-8 + 10)) - -27).
-25
What is the value of 9 - -13 - (6 + -16) - (34 - 23)?
21
What is (29 - 120 - 132) + 112?
-111
Evaluate 2 + -3 - (11 + -31 + 16 + -6).
9
Evaluate -27 - -1 - (-128 + 101 + -65).
66
Evaluate 9 - (-22 - -10 - (-14 + 1 + 10)).
18
What is (35 - 51) + (11 - (-7 - -13) - 9)?
-20
(-12 - (-23 - -71)) + (-7 - 1)
-68
What is -10 - (10 + -10 + -18 + 44)?
-36
What is 50 + 4 + 2 + (-11 - -9) - (-216 - -222)?
48
Evaluate (5 - -46) + -134 - -58.
-25
Evaluate -1 + (27 - 2) - (-127 - (-362 - -214)).
3
Evaluate -51 - (-75 - (-84 + 0)).
-60
-614 + 488 - (-113 - 17)
4
-76 + 80 + (-7 - (19 - (5 + -5))) - 13
-35
What is (-6 - 4) + (-5 - (-65 - (-5 + 3))) + -5?
43
(103 - 161) + 165 + -5
102
Calculate 9 - (28 + -29 - 43).
53
What is (-13 - (-11 + -8)) + (94 - 15)?
85
Evaluate 29 - (2 - 32 - (249 - 321)).
-13
3 - 1 - (-30 + -60 + 50)
42
(-5 - -53) + -56 + (-5 - (-30 - 13))
30
What is the value of -3 + -24 + 0 + 4 + -15 + 3?
-35
Evaluate 1839 + -1862 - (-14 - 1).
-8
What is 2 + -2 + -20 - (151 + -191 - 16)?
36
Calculate -7 + (58 - (2 + -4)) + -63 + 51.
41
1 + -81 + 8547 + -8534
-67
14 + (0 + 3 + -14 - (-14 + 15))
2
What is 6 - (-1664 - -1612 - (1 - 19))?
40
Calculate -9 + (23 - 2 - (-12 + 5 + 15)) - 9.
-5
Evaluate -24 + 17 + -9 - 33.
-49
Calculate (-21 - -11 - -27 - 34) + -2 + 2.
-17
What is the value of 34 - (-14 - -17 - -24) - 8?
-1
What is 19 - (6 + -5 + 6) - (-4 + 32 + 6)?
-22
9 + (-66 - -57 - (-22 - (3 + 2)))
27
What is 1 + -16 - (-71 + (15 - -1 - -3))?
37
What is the value of 20 - ((9 - -6) + 1)?
4
What is the value of (-2 + (4 - 2) - 2 - 11) + 4001 + -3876?
112
What is -44 + (-26 - (-5 + 4) - ((11 - 4) + -17))?
-59
Evaluate -5 + -2 + 19 + (3 - (8 + 11)).
-4
Calculate 13 - (24 + -52) - (-4 + -5 + 7 - 0).
43
What is the value of 72 - -12 - (-173 + 220) - (-10 + -2 + -2)?
51
Evaluate (-135 - -2) + (-123 - -167) + -30.
-119
(0 - -13 - (3 + 